{"id":4178,"date":"2014-10-15T13:30:11","date_gmt":"2014-10-15T13:30:11","guid":{"rendered":"http:\/\/dollmarmeccanica.com\/cms\/?page_id=4178"},"modified":"2014-10-16T06:49:57","modified_gmt":"2014-10-16T06:49:57","slug":"investire-nella-tecnologia-di-lavaggio-per-produrre-qualita-e-fidelizzare-i-propri-clienti","status":"publish","type":"page","link":"https:\/\/dollmarmeccanica.com\/cms\/casi-di-successo\/investire-nella-tecnologia-di-lavaggio-per-produrre-qualita-e-fidelizzare-i-propri-clienti\/","title":{"rendered":"Investire nella tecnologia di lavaggio per produrre qualit\u00e0 e fidelizzare i propri clienti"},"content":{"rendered":"<p><\/p>\n<p align=\"LEFT\">La societ\u00e0<strong> Davoli &amp; Tesauri<\/strong> \u00e8 stata fondata nel 1975 e si \u00e8 da sempre occupata della lavorazione di prodotti oleodinamici per la precisione valvole e distributori in ghisa e acciaio, per importanti aziende del territorio reggiano, quali Walvoil, Ognibene, Eurofluid Hydraulic e Casappa.<img decoding=\"async\" loading=\"lazy\" class=\"size-medium wp-image-4181 alignright\" src=\"https:\/\/dollmarmeccanica.com\/cms\/wp-content\/uploads\/2014\/10\/00_foto-apertura_IMG_4423-300x200.jpg\" alt=\"00_foto apertura_IMG_4423\" width=\"300\" height=\"200\" hspace=\"20\" vspace=\"20\" srcset=\"https:\/\/dollmarmeccanica.com\/cms\/wp-content\/uploads\/2014\/10\/00_foto-apertura_IMG_4423-300x200.jpg 300w, https:\/\/dollmarmeccanica.com\/cms\/wp-content\/uploads\/2014\/10\/00_foto-apertura_IMG_4423-1024x682.jpg 1024w\" sizes=\"(max-width: 300px) 100vw, 300px\" \/><\/p>\n<p>\u201cAvere come committenti questi grandi nomi comporta delle notevoli responsabilit\u00e0 per la qualit\u00e0 del risultato da fornire in quanto la nostra attivit\u00e0 di terzisti consiste nella lavorazione del prodotto in base al disegno fornito dal cliente\u201d spiega Tesauri \u201cDopo le lavorazioni meccaniche con centri di lavoro orizzontali e verticali: fresatura, foratura, maschiatura e lappatura, il cliente pu\u00f2 richiedere che il manufatto gli sia consegnato del tutto finito e pronto per il mercato o che il cliente preferisca effettuare le ultime lavorazioni internamente. Quando il periodo critico del 2009 \u00e8 arrivato, la decisione di convertire del processo di lavaggio dal ciclo a base di percloroetilene a quello odierno a base acqua e detergente ha permesso alla nostra attivit\u00e0 di raggiungere e mantenere ottimi livelli produttivi. Grazie alla scelta di investire su un processo innovativo: oggi lavoriamo e quindi laviamo circa 200 mila pezzi all\u2019anno\u201d.<\/p>\n<p align=\"LEFT\"><strong>Pulizia tecnica ottimale con detergenti per pezzi dalla morfologia complessa<\/strong><\/p>\n<p>La principale difficolt\u00e0 per la pulizia tecnica di questo tipo di prodotti \u00e8 determinata dalla particolare morfologia della valvola o del distributore: all\u2019esterno pu\u00f2 apparire un semplice prodotto con fori ciechi, ma al suo interno, oltre ai fori, i manufatti presentano anche scanalature e sporgenze che rendono il prodotto difficile da lavare con acqua e detergenti. Per vincere questa difficolt\u00e0, ci siamo rivolti a Dollmar Meccanica di Caleppio di Settala (MI), che gi\u00e0 conoscevamo in quanto fornitrice dei precedenti impianti di lavaggio. Avevamo bisogno di una lavatrice in grado di lavare con acqua e detergenti varie tipologie di manufatti, mantenendo alta la qualit\u00e0 del risultato finale.\u201cMolti clienti ci hanno scelto e mantenuto come fornitori proprio per questo motivo. Ecco perch\u00e9 il lavaggio \u00e8 strategico per il nostro successo\u201d.<\/p>\n<p align=\"LEFT\">I<img decoding=\"async\" loading=\"lazy\" class=\"alignleft size-medium wp-image-4183\" src=\"https:\/\/dollmarmeccanica.com\/cms\/wp-content\/uploads\/2014\/10\/05_IMG_4406-300x257.jpg\" alt=\"05_IMG_4406\" width=\"300\" height=\"257\" hspace=\"10\" vspace=\"5\" srcset=\"https:\/\/dollmarmeccanica.com\/cms\/wp-content\/uploads\/2014\/10\/05_IMG_4406-300x257.jpg 300w, https:\/\/dollmarmeccanica.com\/cms\/wp-content\/uploads\/2014\/10\/05_IMG_4406-1024x879.jpg 1024w\" sizes=\"(max-width: 300px) 100vw, 300px\" \/>l modello di impianto installato presso la Davoli &amp; Tesauri \u00e8 del tipo FT12 monocamera con lavaggio idrocinetico.La macchina prevede un prima fase di lavaggio a spruzzo, che procede anche a riempire la camera di lavaggio in modo che i corpi nei cesti passino poi alla successiva fase di immersione: questo processo di lavaggio combinato (spruzzo e immersione), insieme alla rotazione dei pezzi all\u2019interno della camera, permette il riempimento e lo svuotamento dei fori dal liquido ed \u00e8 la chiave che consente l&#8217;evacuazione dei residui di lavorazione rimasti sulla superficie del corpo valvola o del distributore. Dopo lo sgrassaggio, segue la fase di risciacquo, non con acqua pura, perch\u00e9 la ghisa di cui sono fatti i pezzi ossiderebbe facilmente, ma con un 1% di passivante. L\u2019asciugatura ad aria calda avviene nella stessa camera.<\/p>\n<p align=\"LEFT\">Il recupero della soluzione di acqua e detergente avviene nei 2 serbatoi che funzionano a ricircolo ciclo continuo e sono dotati di sistemi di filtrazione per le particelle solide per aumentare l&#8217;efficienza del sistema. L\u2019acqua di evaporazione \u00e8 continuamente reintegrata. \u201cLa sostituzione dei bagni in questo modo avviene 2 o 3 volte l\u2019anno. Il carico di contaminante in questo tipo di lavorazione \u00e8 tale che i bagni si deteriorano facilmente, ma un attento monitoraggio delle concentrazioni dei detergenti ed il reintegro con acqua di rete, fanno s\u00ec che la sostituzione totale dei bagni avvenga con una frequenza davvero bassa garantendo senza influire sulle prestazioni di lavaggio\u201d.<\/p>\n<p>Per ulteriori informazioni sull\u2019impianto in questione o per approfondire le applicazioni delle soluzioni di lavaggio create su misura da Dollmar Meccanica non esitate a contattare i nostri uffici all\u2019indirizzo<\/p>\n<p style=\"text-align: center;\"><span style=\"color: #3699b5;\"><a style=\"text-decoration: none; border-bottom-width: 1px;\" href=\"mailto:info@dollmar.com;marketing@dollmar.com?subject=Richiesta%20informazioni%20Caso%20Kramer\"><span style=\"color: #3699b5;\"><strong>info@dollmar.com<\/strong><\/span><\/a><\/span> o al numero <span style=\"color: #3699b5;\"><strong>02.95.09.61.273<\/strong><\/span><\/p>\n<p><span style=\"color: #3699b5;\"><strong>Estratto da \u201cSupplemento a IPCM n\u00b028\u201d\u2013 2014. <a href=\"https:\/\/dollmarmeccanica.com\/cms\/wp-content\/uploads\/2014\/10\/DavoliTesauri_ICT-settembre14.pdf\" target=\"_blank\"><span style=\"color: #3699b5;\"><strong>Scarica il pdf&gt;<\/strong><\/span><\/a><\/strong><\/span><\/p>","protected":false},"excerpt":{"rendered":"<p>La societ\u00e0 Davoli &amp; Tesauri \u00e8 stata fondata nel 1975 e si \u00e8 da sempre occupata della lavorazione di prodotti oleodinamici per la precisione valvole e distributori in ghisa e acciaio, per importanti aziende del territorio reggiano, quali Walvoil, Ognibene, Eurofluid Hydraulic e Casappa. \u201cAvere come committenti questi grandi nomi comporta delle notevoli responsabilit\u00e0 per [&hellip;]<\/p>\n","protected":false},"author":2,"featured_media":0,"parent":1063,"menu_order":19,"comment_status":"open","ping_status":"open","template":"","meta":[],"yoast_head":"<!-- This site is optimized with the Yoast SEO plugin v20.3 - https:\/\/yoast.com\/wordpress\/plugins\/seo\/ -->\n<title>Investire nella tecnologia di lavaggio per produrre qualit\u00e0 e fidelizzare i propri clienti - Dollmar Meccanica S.r.l<\/title>\n<meta name=\"robots\" content=\"index, follow, max-snippet:-1, max-image-preview:large, max-video-preview:-1\" \/>\n<link rel=\"canonical\" href=\"https:\/\/dollmarmeccanica.com\/cms\/casi-di-successo\/investire-nella-tecnologia-di-lavaggio-per-produrre-qualita-e-fidelizzare-i-propri-clienti\/\" \/>\n<meta property=\"og:locale\" content=\"it_IT\" \/>\n<meta property=\"og:type\" content=\"article\" \/>\n<meta property=\"og:title\" content=\"Investire nella tecnologia di lavaggio per produrre qualit\u00e0 e fidelizzare i propri clienti - Dollmar Meccanica S.r.l\" \/>\n<meta property=\"og:description\" content=\"La societ\u00e0 Davoli &amp; Tesauri \u00e8 stata fondata nel 1975 e si \u00e8 da sempre occupata della lavorazione di prodotti oleodinamici per la precisione valvole e distributori in ghisa e acciaio, per importanti aziende del territorio reggiano, quali Walvoil, Ognibene, Eurofluid Hydraulic e Casappa. \u201cAvere come committenti questi grandi nomi comporta delle notevoli responsabilit\u00e0 per [&hellip;]\" \/>\n<meta property=\"og:url\" content=\"https:\/\/dollmarmeccanica.com\/cms\/casi-di-successo\/investire-nella-tecnologia-di-lavaggio-per-produrre-qualita-e-fidelizzare-i-propri-clienti\/\" \/>\n<meta property=\"og:site_name\" content=\"Dollmar Meccanica S.r.l\" \/>\n<meta property=\"article:modified_time\" content=\"2014-10-16T06:49:57+00:00\" \/>\n<meta property=\"og:image\" content=\"https:\/\/dollmarmeccanica.com\/cms\/wp-content\/uploads\/2014\/10\/00_foto-apertura_IMG_4423-300x200.jpg\" \/>\n<meta name=\"twitter:card\" content=\"summary_large_image\" \/>\n<meta name=\"twitter:label1\" content=\"Tempo di lettura stimato\" \/>\n\t<meta name=\"twitter:data1\" content=\"5 minuti\" \/>\n<script type=\"application\/ld+json\" class=\"yoast-schema-graph\">{\"@context\":\"https:\/\/schema.org\",\"@graph\":[{\"@type\":\"WebPage\",\"@id\":\"https:\/\/dollmarmeccanica.com\/cms\/casi-di-successo\/investire-nella-tecnologia-di-lavaggio-per-produrre-qualita-e-fidelizzare-i-propri-clienti\/\",\"url\":\"https:\/\/dollmarmeccanica.com\/cms\/casi-di-successo\/investire-nella-tecnologia-di-lavaggio-per-produrre-qualita-e-fidelizzare-i-propri-clienti\/\",\"name\":\"Investire nella tecnologia di lavaggio per produrre qualit\u00e0 e fidelizzare i propri clienti - Dollmar Meccanica S.r.l\",\"isPartOf\":{\"@id\":\"https:\/\/dollmarmeccanica.com\/cms\/#website\"},\"datePublished\":\"2014-10-15T13:30:11+00:00\",\"dateModified\":\"2014-10-16T06:49:57+00:00\",\"breadcrumb\":{\"@id\":\"https:\/\/dollmarmeccanica.com\/cms\/casi-di-successo\/investire-nella-tecnologia-di-lavaggio-per-produrre-qualita-e-fidelizzare-i-propri-clienti\/#breadcrumb\"},\"inLanguage\":\"it-IT\",\"potentialAction\":[{\"@type\":\"ReadAction\",\"target\":[\"https:\/\/dollmarmeccanica.com\/cms\/casi-di-successo\/investire-nella-tecnologia-di-lavaggio-per-produrre-qualita-e-fidelizzare-i-propri-clienti\/\"]}]},{\"@type\":\"BreadcrumbList\",\"@id\":\"https:\/\/dollmarmeccanica.com\/cms\/casi-di-successo\/investire-nella-tecnologia-di-lavaggio-per-produrre-qualita-e-fidelizzare-i-propri-clienti\/#breadcrumb\",\"itemListElement\":[{\"@type\":\"ListItem\",\"position\":1,\"name\":\"Home\",\"item\":\"https:\/\/dollmarmeccanica.com\/cms\/\"},{\"@type\":\"ListItem\",\"position\":2,\"name\":\"Casi di successo\",\"item\":\"https:\/\/dollmarmeccanica.com\/cms\/casi-di-successo\/\"},{\"@type\":\"ListItem\",\"position\":3,\"name\":\"Investire nella tecnologia di lavaggio per produrre qualit\u00e0 e fidelizzare i propri clienti\"}]},{\"@type\":\"WebSite\",\"@id\":\"https:\/\/dollmarmeccanica.com\/cms\/#website\",\"url\":\"https:\/\/dollmarmeccanica.com\/cms\/\",\"name\":\"Dollmar Meccanica S.r.l\",\"description\":\"Impianti di lavaggio industriali\",\"publisher\":{\"@id\":\"https:\/\/dollmarmeccanica.com\/cms\/#organization\"},\"potentialAction\":[{\"@type\":\"SearchAction\",\"target\":{\"@type\":\"EntryPoint\",\"urlTemplate\":\"https:\/\/dollmarmeccanica.com\/cms\/?s={search_term_string}\"},\"query-input\":\"required name=search_term_string\"}],\"inLanguage\":\"it-IT\"},{\"@type\":\"Organization\",\"@id\":\"https:\/\/dollmarmeccanica.com\/cms\/#organization\",\"name\":\"Dollmar Meccanica\",\"url\":\"https:\/\/dollmarmeccanica.com\/cms\/\",\"logo\":{\"@type\":\"ImageObject\",\"inLanguage\":\"it-IT\",\"@id\":\"https:\/\/dollmarmeccanica.com\/cms\/#\/schema\/logo\/image\/\",\"url\":\"https:\/\/dollmarmeccanica.com\/cms\/wp-content\/uploads\/2015\/08\/logo-dollmarmeccanica-300x280_c.jpg\",\"contentUrl\":\"https:\/\/dollmarmeccanica.com\/cms\/wp-content\/uploads\/2015\/08\/logo-dollmarmeccanica-300x280_c.jpg\",\"width\":300,\"height\":280,\"caption\":\"Dollmar Meccanica\"},\"image\":{\"@id\":\"https:\/\/dollmarmeccanica.com\/cms\/#\/schema\/logo\/image\/\"}}]}<\/script>\n<!-- \/ Yoast SEO plugin. -->","yoast_head_json":{"title":"Investire nella tecnologia di lavaggio per produrre qualit\u00e0 e fidelizzare i propri clienti - Dollmar Meccanica S.r.l","robots":{"index":"index","follow":"follow","max-snippet":"max-snippet:-1","max-image-preview":"max-image-preview:large","max-video-preview":"max-video-preview:-1"},"canonical":"https:\/\/dollmarmeccanica.com\/cms\/casi-di-successo\/investire-nella-tecnologia-di-lavaggio-per-produrre-qualita-e-fidelizzare-i-propri-clienti\/","og_locale":"it_IT","og_type":"article","og_title":"Investire nella tecnologia di lavaggio per produrre qualit\u00e0 e fidelizzare i propri clienti - Dollmar Meccanica S.r.l","og_description":"La societ\u00e0 Davoli &amp; Tesauri \u00e8 stata fondata nel 1975 e si \u00e8 da sempre occupata della lavorazione di prodotti oleodinamici per la precisione valvole e distributori in ghisa e acciaio, per importanti aziende del territorio reggiano, quali Walvoil, Ognibene, Eurofluid Hydraulic e Casappa. \u201cAvere come committenti questi grandi nomi comporta delle notevoli responsabilit\u00e0 per [&hellip;]","og_url":"https:\/\/dollmarmeccanica.com\/cms\/casi-di-successo\/investire-nella-tecnologia-di-lavaggio-per-produrre-qualita-e-fidelizzare-i-propri-clienti\/","og_site_name":"Dollmar Meccanica S.r.l","article_modified_time":"2014-10-16T06:49:57+00:00","og_image":[{"url":"https:\/\/dollmarmeccanica.com\/cms\/wp-content\/uploads\/2014\/10\/00_foto-apertura_IMG_4423-300x200.jpg"}],"twitter_card":"summary_large_image","twitter_misc":{"Tempo di lettura stimato":"5 minuti"},"schema":{"@context":"https:\/\/schema.org","@graph":[{"@type":"WebPage","@id":"https:\/\/dollmarmeccanica.com\/cms\/casi-di-successo\/investire-nella-tecnologia-di-lavaggio-per-produrre-qualita-e-fidelizzare-i-propri-clienti\/","url":"https:\/\/dollmarmeccanica.com\/cms\/casi-di-successo\/investire-nella-tecnologia-di-lavaggio-per-produrre-qualita-e-fidelizzare-i-propri-clienti\/","name":"Investire nella tecnologia di lavaggio per produrre qualit\u00e0 e fidelizzare i propri clienti - Dollmar Meccanica S.r.l","isPartOf":{"@id":"https:\/\/dollmarmeccanica.com\/cms\/#website"},"datePublished":"2014-10-15T13:30:11+00:00","dateModified":"2014-10-16T06:49:57+00:00","breadcrumb":{"@id":"https:\/\/dollmarmeccanica.com\/cms\/casi-di-successo\/investire-nella-tecnologia-di-lavaggio-per-produrre-qualita-e-fidelizzare-i-propri-clienti\/#breadcrumb"},"inLanguage":"it-IT","potentialAction":[{"@type":"ReadAction","target":["https:\/\/dollmarmeccanica.com\/cms\/casi-di-successo\/investire-nella-tecnologia-di-lavaggio-per-produrre-qualita-e-fidelizzare-i-propri-clienti\/"]}]},{"@type":"BreadcrumbList","@id":"https:\/\/dollmarmeccanica.com\/cms\/casi-di-successo\/investire-nella-tecnologia-di-lavaggio-per-produrre-qualita-e-fidelizzare-i-propri-clienti\/#breadcrumb","itemListElement":[{"@type":"ListItem","position":1,"name":"Home","item":"https:\/\/dollmarmeccanica.com\/cms\/"},{"@type":"ListItem","position":2,"name":"Casi di successo","item":"https:\/\/dollmarmeccanica.com\/cms\/casi-di-successo\/"},{"@type":"ListItem","position":3,"name":"Investire nella tecnologia di lavaggio per produrre qualit\u00e0 e fidelizzare i propri clienti"}]},{"@type":"WebSite","@id":"https:\/\/dollmarmeccanica.com\/cms\/#website","url":"https:\/\/dollmarmeccanica.com\/cms\/","name":"Dollmar Meccanica S.r.l","description":"Impianti di lavaggio industriali","publisher":{"@id":"https:\/\/dollmarmeccanica.com\/cms\/#organization"},"potentialAction":[{"@type":"SearchAction","target":{"@type":"EntryPoint","urlTemplate":"https:\/\/dollmarmeccanica.com\/cms\/?s={search_term_string}"},"query-input":"required name=search_term_string"}],"inLanguage":"it-IT"},{"@type":"Organization","@id":"https:\/\/dollmarmeccanica.com\/cms\/#organization","name":"Dollmar Meccanica","url":"https:\/\/dollmarmeccanica.com\/cms\/","logo":{"@type":"ImageObject","inLanguage":"it-IT","@id":"https:\/\/dollmarmeccanica.com\/cms\/#\/schema\/logo\/image\/","url":"https:\/\/dollmarmeccanica.com\/cms\/wp-content\/uploads\/2015\/08\/logo-dollmarmeccanica-300x280_c.jpg","contentUrl":"https:\/\/dollmarmeccanica.com\/cms\/wp-content\/uploads\/2015\/08\/logo-dollmarmeccanica-300x280_c.jpg","width":300,"height":280,"caption":"Dollmar Meccanica"},"image":{"@id":"https:\/\/dollmarmeccanica.com\/cms\/#\/schema\/logo\/image\/"}}]}},"_links":{"self":[{"href":"https:\/\/dollmarmeccanica.com\/cms\/wp-json\/wp\/v2\/pages\/4178"}],"collection":[{"href":"https:\/\/dollmarmeccanica.com\/cms\/wp-json\/wp\/v2\/pages"}],"about":[{"href":"https:\/\/dollmarmeccanica.com\/cms\/wp-json\/wp\/v2\/types\/page"}],"author":[{"embeddable":true,"href":"https:\/\/dollmarmeccanica.com\/cms\/wp-json\/wp\/v2\/users\/2"}],"replies":[{"embeddable":true,"href":"https:\/\/dollmarmeccanica.com\/cms\/wp-json\/wp\/v2\/comments?post=4178"}],"version-history":[{"count":11,"href":"https:\/\/dollmarmeccanica.com\/cms\/wp-json\/wp\/v2\/pages\/4178\/revisions"}],"predecessor-version":[{"id":4188,"href":"https:\/\/dollmarmeccanica.com\/cms\/wp-json\/wp\/v2\/pages\/4178\/revisions\/4188"}],"up":[{"embeddable":true,"href":"https:\/\/dollmarmeccanica.com\/cms\/wp-json\/wp\/v2\/pages\/1063"}],"wp:attachment":[{"href":"https:\/\/dollmarmeccanica.com\/cms\/wp-json\/wp\/v2\/media?parent=4178"}],"curies":[{"name":"wp","href":"https:\/\/api.w.org\/{rel}","templated":true}]}}